y 82.
19
Calculate the remainder when 232762 is divided by 33.
13
What is the remainder when 252 is divided by 4?
0
What is the remainder when 116083 is divided by 41?
12
What is the remainder when 188580 is divided by 47144?
4
What is the remainder when 771 is divided by 150?
21
Calculate the remainder when 12750 is divided by 52.
10
Calculate the remainder when 36708 is divided by 34.
22
Calculate the remainder when 68023 is divided by 80.
23
What is the remainder when 17421 is divided by 363?
360
What is the remainder when 705 is divided by 455?
250
Calculate the remainder when 2600 is divided by 1117.
366
What is the remainder when 2778 is divided by 35?
13
Calculate the remainder when 930 is divided by 173.
65
Calculate the remainder when 1235621 is divided by 2629.
2620
Calculate the remainder when 7213 is divided by 41.
38
Calculate the remainder when 7611 is divided by 7595.
16
What is the remainder when 19896 is divided by 1170?
6
What is the remainder when 1311 is divided by 443?
425
Calculate the remainder when 259289 is divided by 335.
334
Calculate the remainder when 33762 is divided by 2596.
14
Calculate the remainder when 5299 is divided by 1045.
74
What is the remainder when 340395 is divided by 9?
6
What is the remainder when 93975 is divided by 23?
20
What is the remainder when 648923 is divided by 648922?
1
What is the remainder when 829 is divided by 171?
145
Calculate the remainder when 869 is divided by 278.
35
What is the remainder when 2663 is divided by 875?
38
What is the remainder when 1185 is divided by 134?
113
What is the remainder when 182 is divided by 177?
5
Calculate the remainder when 80896 is divided by 332.
220
What is the remainder when 11272 is divided by 525?
247
Calculate the remainder when 16825 is divided by 4199.
29
Calculate the remainder when 166880 is divided by 28.
0
What is the remainder when 1555340 is divided by 144?
140
What is the remainder when 1678 is divided by 481?
235
Calculate the remainder when 29664 is divided by 1744.
16
Calculate the remainder when 3961 is divided by 233.
0
Calculate the remainder when 28049 is divided by 110.
109
What is the remainder when 69261 is divided by 13?
10
Calculate the remainder when 33858 is divided by 413.
405
Calculate the remainder when 124935 is divided by 912.
903
Calculate the remainder when 81523 is divided by 178.
177
Calculate the remainder when 825 is divided by 16.
9
What is the remainder when 7176 is divided by 2296?
288
Calculate the remainder when 85367 is divided by 540.
47
What is the remainder when 13449 is divided by 13426?
23
Calculate the remainder when 214913 is divided by 238.
237
Calculate the remainder when 26696 is divided by 100.
96
Calculate the remainder when 14389 is divided by 43.
27
Calculate the remainder when 7704 is divided by 3740.
224
What is the remainder when 305855 is divided by 162?
161
What is the remainder when 151084 is divided by 67?
66
What is the remainder when 4037 is divided by 3484?
553
What is the remainder when 194900 is divided by 67?
64
What is the remainder when 1297 is divided by 823?
474
Calculate the remainder when 3077 is divided by 378.
53
Calculate the remainder when 1055 is divided by 320.
95
What is the remainder when 296 is divided by 108?
80
What is the remainder when 1423937 is divided by 355983?
5
What is the remainder when 94587 is divided by 7?
3
Calculate the remainder when 15140 is divided by 52.
8
Calculate the remainder when 72975 is divided by 100.
75
What is the remainder when 13263 is divided by 73?
50
Calculate the remainder when 252013 is divided by 35999.
20
Calculate the remainder when 480486 is divided by 7.
6
Calculate the remainder when 1169272 is divided by 870.
862
What is the remainder when 141770 is divided by 171?
11
Calculate the remainder when 772 is divided by 621.
151
What is the remainder when 680 is divided by 129?
35
What is the remainder when 6246 is divided by 1973?
327
Calculate the remainder when 283191 is divided by 28.
27
What is the remainder when 1281 is divided by 1212?
69
Calculate the remainder when 808 is divided by 184.
72
What is the remainder when 114156 is divided by 108?
0
What is the remainder when 22995 is divided by 11386?
223
What is the remainder when 13352 is divided by 96?
8
What is the remainder when 57814 is divided by 295?
289
Calculate the remainder when 74483 is divided by 84.
59
What is the remainder when 39121 is divided by 9760?
81
Calculate the remainder when 20122 is divided by 10029.
64
Calculate the remainder when 185239 is divided by 114.
103
Calculate the remainder when 67919 is divided by 320.
79
Calculate the remainder when 1466552 is divided by 1106.
1102
Calculate the remainder when 2947 is divided by 308.
175
What is the remainder when 41083 is divided by 13693?
4
Calculate the remainder when 1867 is divided by 1730.
137
What is the remainder when 3304 is divided by 16?
8
What is the remainder when 76062 is divided by 3306?
24
Calculate the remainder when 46939 is divided by 46924.
15
Calculate the remainder when 233303 is divided by 11.
4
Calculate the remainder when 460 is divided by 59.
47
What is the remainder when 133604 is divided by 293?
289
What is the remainder when 264284 is divided by 201?
170
Calculate the remainder when 19734 is divided by 6562.
48
Calculate the remainder when 39810 is divided by 56.
50
Calculate the remainder when 100370 is divided by 420.
410
Calculate the remainder when 415098 is divided by 1472.
1466
What is the remainder when 4617 is divided by 335?
262
Calculate the remainder when 26714 is divided by 1796.
1570
What is the remainder when 67748 is divided by 72?
68
Calculate the remainder when 45058 is divided by 278.
22
Calculate the remainder when 1474 is divided by 145.
24
Calculate the remainder when 12549 is divided by 251.
250
What is the remainder when 50573 is divided by 50547?
26
Calculate the remainder when 408668 is divided by 528.
524
Calculate the remainder when 19124 is divided by 952.
84
Calculate the remainder when 4958 is divided by 8.
6
Calculate the remainder when 488 is divided by 215.
58
What is the remainder when 153874 is divided by 100?
74
Calculate the remainder when 3882 is divided by 409.
201
Calculate the remainder when 8970 is divided by 128.
10
Calculate the remainder when 1657 is divided by 1591.
66
What is the remainder when 621339 is divided by 235?
234
What is the remainder when 11666 is divided by 972?
2
What is the remainder when 27198 is divided by 253?
127
What is the remainder when 276569 is divided by 561?
557
What is the remainder when 18884 is divided by 10?
4
Calculate the remainder when 9316 is divided by 1012.
208
What is the remainder when 11342 is divided by 597?
596
Calculate the remainder when 1736 is divided by 492.
260
Calculate the remainder when 15595 is divided by 621.
70
What is the remainder when 111216 is divided by 126?
84
What is the remainder when 13085 is divided by 32?
29
What is the remainder when 8346 is divided by 32?
26
What is the remainder when 21027 is divided by 6991?
54
What is the remainder when 3691 is divided by 201?
73
Calculate the remainder when 14274 is divided by 795.
759
What is the remainder when 1571 is divided by 25?
21
What is the remainder when 42623 is divided by 31?
29
What is the remainder when 2050 is divided by 152?
74
What is the remainder when 27218 is divided by 13435?
348
Calculate the remainder when 3699 is divided by 461.
11
Calculate the remainder when 93449 is divided by 192.
137
Calculate the remainder when 8248 is divided by 4118.
12
What is the remainder when 1895075 is divided by 36?
35
What is the remainder when 5995 is divided by 273?
262
Calculate the remainder when 15224 is divided by 1891.
96
Calculate the remainder when 59699 is divided by 300.
299
Calculate the remainder when 3500 is divided by 294.
266
Calculate the remainder when 39304 is divided by 1786.
12
Calculate the remainder when 47937 is divided by 60.
57
Calculate the remainder when 185322 is divided by 46314.
66
What is the remainder when 169989 is divided by 139?
131
Calculate the remainder when 2953 is divided by 33.
16
What is the remainder when 207448 is divided by 71?
57
Calculate the remainder when 12162